e remainder when 35 is divided by z(-4).
11
Let g(b) = b**3 - 10*b**2 + 3*b. Calculate the remainder when 89 is divided by g(10).
29
Let b be 1/(1 + 0 + -2). What is the remainder when 34 is divided by 0/((-1)/b) - -9?
7
Suppose 0 = -3*n + 41 + 1. Calculate the remainder when (-237)/(-6) - 2/(-4) is divided by n.
12
Suppose 4*n + 5*i - 395 = -n, 3*n - 265 = 4*i. What is the remainder when n is divided by 14?
13
Suppose 0 = 3*x + z + 94, -3*x + 23 = -5*z + 111. Let k(l) = 10*l + 3. Let f be k(-2). Let a = f - x. What is the remainder when 53 is divided by a?
11
Suppose 1 = -4*n + 3*z, -1 = 2*n + 4*z + 27. What is the remainder when 16/n*-9 + -1 is divided by 12?
11
Calculate the remainder when (36 + 2)*(4 + 6/(-3)) is divided by 20.
16
Suppose 7*m + 3 = 4*m. What is the remainder when 6 is divided by 12/(m - 3) + 5?
0
Suppose n = -3*n + 56. Let z be (-2)/3 + (-4)/(-6). Let i = 5 - z. What is the remainder when n is divided by i?
4
Let g be (14/(-5))/(1/(-5)). Suppose -3*j + g = -3*a - 37, 5*j = -5*a + 45. Let c(b) = b**2 + 3*b - 4. What is the remainder when c(4) is divided by j?
11
What is the remainder when 58 is divided by (-27 - -28) + 15 + -1?
13
Let x(v) = -v**2 + v + 2. Let g be x(2). Let b(f) = -f + 12. Calculate the remainder when (1*4)/((-2)/(-17)) is divided by b(g).
10
Suppose 59 + 94 = 17*z. What is the remainder when 23 is divided by z?
5
Let j = -49 - -58. Calculate the remainder when 25 is divided by j.
7
Let b(a) = a**3 + 9*a**2 + 5. Let t be b(-9). Suppose 4*z - 25 = -5*c, -3*z = z - c + 5. Suppose -t*k = -z*k - 5. What is the remainder when k is divided by 1?
0
Let v = 4 - -3. Let w = -3 + v. Suppose -h + f - 5 = -w*h, 7 = h - f. What is the remainder when 4 is divided by h?
1
Suppose -4*l = -p - 6*l + 31, 4*p + 4*l - 124 = 0. Let u = 23 - 6. What is the remainder when p is divided by u?
14
Let n(z) = 2 - 3*z**3 - 2*z**2 - 2*z**3 + 2*z**3 + 5*z**3. Calculate the remainder when n(2) is divided by 4.
2
Let g = -4 + 17. Suppose 100 = -10*x + 12*x. Calculate the remainder when x is divided by g.
11
Let n(x) be the third derivative of x**4/24 + 11*x**3/6 + 6*x**2. What is the remainder when 11 is divided by n(-6)?
1
Suppose -4*y + 11 + 282 = -x, -2*y + 133 = -5*x. Suppose 74 = 4*q - 2. Calculate the remainder when y is divided by q.
17
Let v = 9 - -14. What is the remainder when 137 is divided by v?
22
Suppose a + 10 = -4*a. Let m be 6 - -1 - a - -2. Let t = 1 + m. What is the remainder when 23 is divided by t?
11
Let q be ((-7)/(-4))/((-5)/(-180)). Suppose 2*a + a - q = 0. What is the remainder when 62 is divided by a?
20
Suppose -2*m + 0*m + 5*l = -23, 2*m - 47 = -3*l. Calculate the remainder when 189 is divided by m.
18
Let q be 2 + 2 + 0 + 15. Suppose 4*v = 5*z + 123, -4*z - 120 = -5*v - 9*z. Let s = v - q. Calculate the remainder when 23 is divided by s.
7
Let h(u) be the second derivative of u**5/20 + 11*u**4/12 - 5*u**3/6 - u**2/2 + 3*u. Calculate the remainder when h(-11) is divided by 14.
12
Suppose 1 = -4*g - 11. What is the remainder when g/(-5) + (-968)/(-20) is divided by 17?
15
Suppose 0*k - k + 7 = 0. Let j be (-18)/(-4)*(-2)/(-3). Suppose j*s = 6*s - 54. Calculate the remainder when s is divided by k.
4
Let c be 100/15 + 4/(-6). Suppose -70 = -3*g - 4*y, 42 = 3*g - c*y + 3*y. What is the remainder when 69 is divided by g?
15
Let s(b) = 3*b + 56. What is the remainder when 41 is divided by s(-15)?
8
Let w(g) be the third derivative of g**4/8 - g**3 + 5*g**2. Calculate the remainder when 44 is divided by w(7).
14
Let w = -3 - -20. Let x = 32 + 17. Calculate the remainder when x is divided by w.
15
Let c(z) = 2*z**2 + 3*z - 1. Suppose -6 = 2*y + 2. Let d(w) = w + 4. What is the remainder when c(y) is divided by d(6)?
9
Suppose -i = -2*i + 14. Calculate the remainder when 25 is divided by i.
11
Let x(o) = o**2 + o - 6. What is the remainder when x(5) is divided by 13?
11
Suppose 0 = -7*j + 179 + 290. Calculate the remainder when j is divided by 17.
16
Suppose -3*j + 54 = 3*r, j = -3*r - 3*j + 51. Calculate the remainder when 60 is divided by r.
18
Suppose 5*a - 10 = 0, 5 = 3*j - 0*a - 2*a. Suppose 3*o + 5*b = 39, 4*b - 29 = -j*o + 13. What is the remainder when o is divided by 5?
3
Let r = 30 - -12. Calculate the remainder when r is divided by 9.
6
Let u(g) be the second derivative of g**4/4 - 5*g**3/6 + 3*g**2 - g. Let o(h) = 2*h. Let f be o(2). Calculate the remainder when u(f) is divided by 9.
7
Let h(t) = -t**3 + 6*t**2 - t + 7. Suppose -4*s + 0*j - 7 = -3*j, -3*s + 2*j - 4 = 0. What is the remainder when s is divided by h(6)?
0
Let y = 29 - 21. What is the remainder when (-3 + (-13)/(-4))*92 is divided by y?
7
Suppose 0 = 2*n + j + j - 16, 0 = -2*n - 4*j + 20. Let c(s) = -s**3 + 6*s**2 + s - 2. What is the remainder when n is divided by c(6)?
2
Calculate the remainder when 70 is divided by 186/5 + (-3)/15.
33
Suppose -9*l + 13*l - 44 = 0. Calculate the remainder when l is divided by 6.
5
Let a = 6 + -4. Suppose -6*u + 32 = -a*u. What is the remainder when 15 is divided by u?
7
Suppose 4*k = 5*r + 1, 5*r - 2*k = 10*r - 23. What is the remainder when 11 is divided by r?
2
Let m = 60 - 28. Calculate the remainder when 63 is divided by m.
31
Suppose 5*h - 62 = 58. What is the remainder when 45 is divided by h?
21
Let s = -13 - -19. What is the remainder when s is divided by 2/(-7) - (64/(-28) + 0)?
0
Let f = -34 - -57. What is the remainder when f is divided by 8?
7
Let w = 53 + -31. Calculate the remainder when w is divided by (-9)/(4/(16/(-3))).
10
Suppose 5*c - 19 = 16. Suppose -c = 3*h - 157. Calculate the remainder when h is divided by 13.
11
Let d(j) be the third derivative of 37*j**5/60 + j**4/24 + 4*j**2. What is the remainder when d(-1) is divided by 13?
10
Suppose 4*b - 5*b = -10. Calculate the remainder when 37 is divided by b.
7
Let b(n) be the third derivative of n**6/120 + n**5/12 - n**4/12 + n**3/6 + 4*n**2. Let x(f) = f + 6. Calculate the remainder when b(-5) is divided by x(0).
5
What is the remainder when 30 is divided by 0 + 7/(21/24)?
6
Let n(u) be the third derivative of -1/6*u**4 + 0 + 3*u**2 + 0*u - 2/3*u**3. Calculate the remainder when 29 is divided by n(-3).
5
Let p(x) = 2*x**2 + 9*x - 10. Calculate the remainder when p(-8) is divided by 12.
10
Let k be ((-8 - -3) + 1)/2. What is the remainder when 13/(1 - (2 + k)) is divided by 0 + (2/(-1) - -10)?
5
Let r = 12 - 8. Let x = r + -2. Calculate the remainder when 49 is divided by 1 + x - 10*-1.
10
Suppose 2*k - 8*k + 48 = 0. Suppose -k - 60 = -4*r. Calculate the remainder when r is divided by 9.
8
Suppose -t - 3*p + 45 = -0*t, 171 = 5*t - 3*p. Suppose 7*s - t = 4*s. Calculate the remainder when s is divided by 5.
2
Let g(y) = y**3 - 10*y + 3. Let u be g(4). Suppose l + u = 4*l. Calculate the remainder when 16 is divided by l.
7
Suppose 55 = 4*p - 9. Let m = 90 + -60. Calculate the remainder when m is divided by p.
14
Suppose 3*m = m + 208. What is the remainder when m is divided by 35?
34
Let f = -11 - -13. Suppose 4*j = 2*d + 12 + 2, 5*j - 20 = f*d. Let c = 14 + 1. Calculate the remainder when c is divided by j.
3
Suppose 0 = -3*c + 5*w + 41, -6*c + 4*w = -4*c - 24. Suppose -6*b + 455 = b. Calculate the remainder when b is divided by c.
21
Suppose 4*n - 202 + 18 = 0. What is the remainder when 10*n/4 + 2 is divided by 20?
17
Let b be 5 + -2 + (-1 - 0). Suppose 2*w = -5*z + 118, b*z + 32 = -4*w + 252. Calculate the remainder when w is divided by 19.
16
Let y = -26 + 38. Suppose 3*b + 0*b = 12. Suppose b*l = 5*t - 39, 0 = 5*l + 5. Calculate the remainder when y is divided by t.
5
Let v(f) = 7*f**2 + 11*f - 29. Let k(o) = 3*o**2 + 6*o - 14. Let m(p) = 5*k(p) - 2*v(p). What is the remainder when m(-13) is divided by 18?
17
Suppose -5*q = 27 + 18. Let w = q + 18. Suppose -r - 4*v + 3 = -15, 4*r - 114 = 5*v. What is the remainder when r is divided by w?
8
Suppose 2*p = -3*p + 80. Suppose -o = -2 - 0. Let s(j) = 2*j**2 + j - 1. What is the remainder when p is divided by s(o)?
7
Suppose -3*q = -5*q + 126. What is the remainder when q is divided by 22?
19
Let i be 3 + -3 + 4 + -4. Let j(s) = -s + 13. What is the remainder when 23 is divided by j(i)?
10
What is the remainder when 46 is divided by (-4)/(-22) + 1269/99?
7
Let k(j) = -7*j - 1. Let u(l)